{"id":26,"date":"2015-05-11T19:53:32","date_gmt":"2015-05-11T17:53:32","guid":{"rendered":"http:\/\/www.generationenchor.ch\/?page_id=26"},"modified":"2025-12-22T16:41:56","modified_gmt":"2025-12-22T15:41:56","slug":"aktuell","status":"publish","type":"page","link":"https:\/\/www.generationenchor.ch\/","title":{"rendered":"Aktuell"},"content":{"rendered":"<p><strong>Sommerprojekt 2026<\/strong><\/p>\n<div><strong>Cancionero<\/strong><\/div>\n<div>Wir f\u00fchren unser Herbstprojekt 2025 im 2026 weiter. Dabei begeben wir uns in die Klangwelt der spanischen Renaissance. Wir singen Madrigale und Lieder aus dem Cancionero del Palacio, einer Sammlung von Musikst\u00fccken, die am \u00dcbergang vom 15. zum 16. Jahrhundert am spanischen Hof entstand. Erg\u00e4nzt wird das Programm durch sakrales und weltliches Repertoire der Epoche.<\/div>\n<div><\/div>\n<div>keine Proben mehr im 2025<\/div>\n<p><strong>Proben im 2026<\/strong><\/p>\n<div>\n<p>Januar:<br \/>\nkeine Proben<\/p>\n<p>Februar<br \/>\n18. 25.<\/p>\n<p>M\u00e4rz<br \/>\n4. 11. 18. 25.<\/p>\n<p>April<br \/>\n1. 22. 29.<\/p>\n<p>Mai<br \/>\n6. 13. 20. 27.<\/p>\n<p>Juni<br \/>\n3. 10. 17. 24.<\/p>\n<\/div>\n<div>\n<p>Neuanmeldungen: Hier <a href=\"http:\/\/www.generationenchor.ch\/?page_id=292\">anmelden<\/a><\/p>\n<p>&nbsp;<\/p>\n<\/div>\n","protected":false},"excerpt":{"rendered":"<p>Sommerprojekt 2026 Cancionero Wir f\u00fchren unser Herbstprojekt 2025 im 2026 weiter. Dabei begeben wir uns in die Klangwelt der spanischen Renaissance. Wir singen Madrigale und Lieder aus dem Cancionero del Palacio, einer Sammlung von Musikst\u00fccken, die am \u00dcbergang vom 15. &hellip; <a href=\"https:\/\/www.generationenchor.ch\/\">Weiterlesen <span class=\"meta-nav\">&rarr;<\/span><\/a><\/p>\n","protected":false},"author":1,"featured_media":0,"parent":0,"menu_order":0,"comment_status":"closed","ping_status":"closed","template":"","meta":{"footnotes":""},"class_list":["post-26","page","type-page","status-publish","hentry"],"_links":{"self":[{"href":"https:\/\/www.generationenchor.ch\/index.php?rest_route=\/wp\/v2\/pages\/26","targetHints":{"allow":["GET"]}}],"collection":[{"href":"https:\/\/www.generationenchor.ch\/index.php?rest_route=\/wp\/v2\/pages"}],"about":[{"href":"https:\/\/www.generationenchor.ch\/index.php?rest_route=\/wp\/v2\/types\/page"}],"author":[{"embeddable":true,"href":"https:\/\/www.generationenchor.ch\/index.php?rest_route=\/wp\/v2\/users\/1"}],"replies":[{"embeddable":true,"href":"https:\/\/www.generationenchor.ch\/index.php?rest_route=%2Fwp%2Fv2%2Fcomments&post=26"}],"version-history":[{"count":151,"href":"https:\/\/www.generationenchor.ch\/index.php?rest_route=\/wp\/v2\/pages\/26\/revisions"}],"predecessor-version":[{"id":4219,"href":"https:\/\/www.generationenchor.ch\/index.php?rest_route=\/wp\/v2\/pages\/26\/revisions\/4219"}],"wp:attachment":[{"href":"https:\/\/www.generationenchor.ch\/index.php?rest_route=%2Fwp%2Fv2%2Fmedia&parent=26"}],"curies":[{"name":"wp","href":"https:\/\/api.w.org\/{rel}","templated":true}]}}